{"id":967,"date":"2019-04-06T14:40:23","date_gmt":"2019-04-06T12:40:23","guid":{"rendered":"http:\/\/bdlire.fr\/?page_id=967"},"modified":"2019-12-25T14:25:50","modified_gmt":"2019-12-25T13:25:50","slug":"les-bdefinitions-de-la-bd","status":"publish","type":"page","link":"https:\/\/bdlire.fr\/index.php\/les-bdefinitions-de-la-bd\/","title":{"rendered":"Les Bdocumentaires de la BD"},"content":{"rendered":"<div style='text-align:left' class='yasr-auto-insert-visitor'><\/div><h3>Les documentaires hyper int\u00e9ressants sur l&#8217;histoire de la bande dessin\u00e9e<\/h3>\n<table>\n<tbody>\n<tr>\n<td style=\"width: 346px;\"><a href=\"https:\/\/www.youtube.com\/watch?v=JF-u9EXz3UI&amp;list=PL5HB_ZfTVnanwlpbTgp96SgHLo5uF8Esc\" target=\"_blank\" rel=\"noopener noreferrer\">Pour une histoire de la bande dessin\u00e9e<\/a><\/td>\n<td style=\"width: 1017px;\">\n<div id=\"content\" class=\"style-scope ytd-expander\">\n<div id=\"description\" class=\"style-scope ytd-video-secondary-info-renderer\">Un tr\u00e8s tr\u00e8s beau documentaire de Benoit PEETERS sur l&#8217;histoire de la bande dessin\u00e9e.<\/div>\n<div><\/div>\n<div class=\"style-scope ytd-video-secondary-info-renderer\">Naissances, renaissances, reconnaissances Il y a tout juste 50 ans, l\u2019exposition Bande dessin\u00e9e et figuration narrative est pr\u00e9sent\u00e9e \u00e0 Paris au Mus\u00e9e des Arts d\u00e9coratifs. Elle marque le d\u00e9but de la reconnaissance du \u00ab neuvi\u00e8me art \u00bb. Mais l\u2019histoire de la bande dessin\u00e9e est alors balbutiante. On cherche \u00e0 la l\u00e9gitimer par une ascendance plus noble, de la colonne Trajane \u00e0 la tapisserie de Bayeux. Et l\u2019on situe sa vraie naissance en 1896, aux \u00c9tats-Unis, avec le Yellow Kid d\u2019Outcault. Ce n\u2019est que bien plus tard que l\u2019importance de T\u00f6pffer sera mise en \u00e9vidence, avant que de nouvelles recherches montrent combien la bande dessin\u00e9e a \u00e9t\u00e9 diverse et vivante tout au long du dix-neuvi\u00e8me si\u00e8cle. Comment raconter aujourd\u2019hui l\u2019histoire de la bande dessin\u00e9e, celle de ses auteurs, mais aussi celle de ses supports et de ses publics, l\u2019oscillation presque constante entre le monde de la presse et celui du livre, les liens avec la caricature, la photographie, le cin\u00e9ma et le dessin anim\u00e9, les \u00e9changes entre les traditions nationales et la progressive mondialisation ?<\/div>\n<\/div>\n<div id=\"always-shown\" class=\"style-scope ytd-metadata-row-container-renderer\"><\/div>\n<div id=\"collapsible\" class=\"style-scope ytd-metadata-row-container-renderer\"><\/div>\n<\/td>\n<\/tr>\n<tr>\n<td style=\"width: 346px;\"><a href=\"https:\/\/www.youtube.com\/watch?v=IilOp2Te_zg&amp;list=PLhiV9wOrNNfL5x6sFVTS2kE7SKIAh_6lD\" target=\"_blank\" rel=\"noopener noreferrer\">Sous les bulles<\/a><\/td>\n<td style=\"width: 1017px;\">Documentaire de 60 minutes sur l&#8217;\u00e9conomie de la bande dessin\u00e9e r\u00e9alis\u00e9 par Maiana BIDEGAIN. On apprend \u00e9norm\u00e9ment sur toute la cha\u00eene de valeur de la bande dessin\u00e9e.<\/td>\n<\/tr>\n<\/tbody>\n<\/table>\n","protected":false},"excerpt":{"rendered":"<p>Les documentaires hyper int\u00e9ressants sur l&#8217;histoire de la bande dessin\u00e9e Pour une histoire de la bande dessin\u00e9e Un tr\u00e8s tr\u00e8s beau documentaire de Benoit PEETERS sur l&#8217;histoire de la bande dessin\u00e9e. Naissances, renaissances, reconnaissances Il <a class=\"read-more\" href=\"https:\/\/bdlire.fr\/index.php\/les-bdefinitions-de-la-bd\/\">&#8230;<\/a><\/p>\n","protected":false},"author":1,"featured_media":0,"parent":0,"menu_order":0,"comment_status":"closed","ping_status":"closed","template":"","meta":{"_mi_skip_tracking":false,"cybocfi_hide_featured_image":"","yasr_overall_rating":0,"yasr_post_is_review":"","yasr_auto_insert_disabled":"","yasr_review_type":"Book"},"yoast_head":"<!-- This site is optimized with the Yoast SEO plugin v20.6 - https:\/\/yoast.com\/wordpress\/plugins\/seo\/ -->\n<title>Les Bdocumentaires de la BD - BDLIRE<\/title>\n<meta name=\"robots\" content=\"index, follow, max-snippet:-1, max-image-preview:large, max-video-preview:-1\" \/>\n<link rel=\"canonical\" href=\"https:\/\/bdlire.fr\/index.php\/les-bdefinitions-de-la-bd\/\" \/>\n<meta property=\"og:locale\" content=\"fr_FR\" \/>\n<meta property=\"og:type\" content=\"article\" \/>\n<meta property=\"og:title\" content=\"Les Bdocumentaires de la BD - BDLIRE\" \/>\n<meta property=\"og:description\" content=\"Les documentaires hyper int\u00e9ressants sur l&#8217;histoire de la bande dessin\u00e9e Pour une histoire de la bande dessin\u00e9e Un tr\u00e8s tr\u00e8s beau documentaire de Benoit PEETERS sur l&#8217;histoire de la bande dessin\u00e9e. Naissances, renaissances, reconnaissances Il ...\" \/>\n<meta property=\"og:url\" content=\"https:\/\/bdlire.fr\/index.php\/les-bdefinitions-de-la-bd\/\" \/>\n<meta property=\"og:site_name\" content=\"BDLIRE\" \/>\n<meta property=\"article:publisher\" content=\"https:\/\/www.facebook.com\/BDLire\" \/>\n<meta property=\"article:modified_time\" content=\"2019-12-25T13:25:50+00:00\" \/>\n<meta name=\"twitter:card\" content=\"summary_large_image\" \/>\n<meta name=\"twitter:site\" content=\"@bd_lire\" \/>\n<meta name=\"twitter:label1\" content=\"Dur\u00e9e de lecture estim\u00e9e\" \/>\n\t<meta name=\"twitter:data1\" content=\"1 minute\" \/>\n<script type=\"application\/ld+json\" class=\"yoast-schema-graph\">{\"@context\":\"https:\/\/schema.org\",\"@graph\":[{\"@type\":\"WebPage\",\"@id\":\"https:\/\/bdlire.fr\/index.php\/les-bdefinitions-de-la-bd\/\",\"url\":\"https:\/\/bdlire.fr\/index.php\/les-bdefinitions-de-la-bd\/\",\"name\":\"Les Bdocumentaires de la BD - BDLIRE\",\"isPartOf\":{\"@id\":\"https:\/\/bdlire.fr\/#website\"},\"datePublished\":\"2019-04-06T12:40:23+00:00\",\"dateModified\":\"2019-12-25T13:25:50+00:00\",\"breadcrumb\":{\"@id\":\"https:\/\/bdlire.fr\/index.php\/les-bdefinitions-de-la-bd\/#breadcrumb\"},\"inLanguage\":\"fr-FR\",\"potentialAction\":[{\"@type\":\"ReadAction\",\"target\":[\"https:\/\/bdlire.fr\/index.php\/les-bdefinitions-de-la-bd\/\"]}]},{\"@type\":\"BreadcrumbList\",\"@id\":\"https:\/\/bdlire.fr\/index.php\/les-bdefinitions-de-la-bd\/#breadcrumb\",\"itemListElement\":[{\"@type\":\"ListItem\",\"position\":1,\"name\":\"Accueil\",\"item\":\"https:\/\/bdlire.fr\/\"},{\"@type\":\"ListItem\",\"position\":2,\"name\":\"Les Bdocumentaires de la BD\"}]},{\"@type\":\"WebSite\",\"@id\":\"https:\/\/bdlire.fr\/#website\",\"url\":\"https:\/\/bdlire.fr\/\",\"name\":\"BDLIRE\",\"description\":\"Des BDs et des d\u00e9lires\",\"publisher\":{\"@id\":\"https:\/\/bdlire.fr\/#organization\"},\"potentialAction\":[{\"@type\":\"SearchAction\",\"target\":{\"@type\":\"EntryPoint\",\"urlTemplate\":\"https:\/\/bdlire.fr\/?s={search_term_string}\"},\"query-input\":\"required name=search_term_string\"}],\"inLanguage\":\"fr-FR\"},{\"@type\":\"Organization\",\"@id\":\"https:\/\/bdlire.fr\/#organization\",\"name\":\"BDLIRE\",\"url\":\"https:\/\/bdlire.fr\/\",\"logo\":{\"@type\":\"ImageObject\",\"inLanguage\":\"fr-FR\",\"@id\":\"https:\/\/bdlire.fr\/#\/schema\/logo\/image\/\",\"url\":\"https:\/\/bdlire.fr\/wp-content\/uploads\/2019\/01\/logo-bdlire.png\",\"contentUrl\":\"https:\/\/bdlire.fr\/wp-content\/uploads\/2019\/01\/logo-bdlire.png\",\"width\":200,\"height\":80,\"caption\":\"BDLIRE\"},\"image\":{\"@id\":\"https:\/\/bdlire.fr\/#\/schema\/logo\/image\/\"},\"sameAs\":[\"https:\/\/www.facebook.com\/BDLire\",\"https:\/\/twitter.com\/bd_lire\",\"https:\/\/www.instagram.com\/bdlire_2020\/\"]}]}<\/script>\n<!-- \/ Yoast SEO plugin. -->","yoast_head_json":{"title":"Les Bdocumentaires de la BD - BDLIRE","robots":{"index":"index","follow":"follow","max-snippet":"max-snippet:-1","max-image-preview":"max-image-preview:large","max-video-preview":"max-video-preview:-1"},"canonical":"https:\/\/bdlire.fr\/index.php\/les-bdefinitions-de-la-bd\/","og_locale":"fr_FR","og_type":"article","og_title":"Les Bdocumentaires de la BD - BDLIRE","og_description":"Les documentaires hyper int\u00e9ressants sur l&#8217;histoire de la bande dessin\u00e9e Pour une histoire de la bande dessin\u00e9e Un tr\u00e8s tr\u00e8s beau documentaire de Benoit PEETERS sur l&#8217;histoire de la bande dessin\u00e9e. Naissances, renaissances, reconnaissances Il ...","og_url":"https:\/\/bdlire.fr\/index.php\/les-bdefinitions-de-la-bd\/","og_site_name":"BDLIRE","article_publisher":"https:\/\/www.facebook.com\/BDLire","article_modified_time":"2019-12-25T13:25:50+00:00","twitter_card":"summary_large_image","twitter_site":"@bd_lire","twitter_misc":{"Dur\u00e9e de lecture estim\u00e9e":"1 minute"},"schema":{"@context":"https:\/\/schema.org","@graph":[{"@type":"WebPage","@id":"https:\/\/bdlire.fr\/index.php\/les-bdefinitions-de-la-bd\/","url":"https:\/\/bdlire.fr\/index.php\/les-bdefinitions-de-la-bd\/","name":"Les Bdocumentaires de la BD - BDLIRE","isPartOf":{"@id":"https:\/\/bdlire.fr\/#website"},"datePublished":"2019-04-06T12:40:23+00:00","dateModified":"2019-12-25T13:25:50+00:00","breadcrumb":{"@id":"https:\/\/bdlire.fr\/index.php\/les-bdefinitions-de-la-bd\/#breadcrumb"},"inLanguage":"fr-FR","potentialAction":[{"@type":"ReadAction","target":["https:\/\/bdlire.fr\/index.php\/les-bdefinitions-de-la-bd\/"]}]},{"@type":"BreadcrumbList","@id":"https:\/\/bdlire.fr\/index.php\/les-bdefinitions-de-la-bd\/#breadcrumb","itemListElement":[{"@type":"ListItem","position":1,"name":"Accueil","item":"https:\/\/bdlire.fr\/"},{"@type":"ListItem","position":2,"name":"Les Bdocumentaires de la BD"}]},{"@type":"WebSite","@id":"https:\/\/bdlire.fr\/#website","url":"https:\/\/bdlire.fr\/","name":"BDLIRE","description":"Des BDs et des d\u00e9lires","publisher":{"@id":"https:\/\/bdlire.fr\/#organization"},"potentialAction":[{"@type":"SearchAction","target":{"@type":"EntryPoint","urlTemplate":"https:\/\/bdlire.fr\/?s={search_term_string}"},"query-input":"required name=search_term_string"}],"inLanguage":"fr-FR"},{"@type":"Organization","@id":"https:\/\/bdlire.fr\/#organization","name":"BDLIRE","url":"https:\/\/bdlire.fr\/","logo":{"@type":"ImageObject","inLanguage":"fr-FR","@id":"https:\/\/bdlire.fr\/#\/schema\/logo\/image\/","url":"https:\/\/bdlire.fr\/wp-content\/uploads\/2019\/01\/logo-bdlire.png","contentUrl":"https:\/\/bdlire.fr\/wp-content\/uploads\/2019\/01\/logo-bdlire.png","width":200,"height":80,"caption":"BDLIRE"},"image":{"@id":"https:\/\/bdlire.fr\/#\/schema\/logo\/image\/"},"sameAs":["https:\/\/www.facebook.com\/BDLire","https:\/\/twitter.com\/bd_lire","https:\/\/www.instagram.com\/bdlire_2020\/"]}]}},"yasr_visitor_votes":{"stars_attributes":{"read_only":false,"span_bottom":false},"number_of_votes":0,"sum_votes":0},"_links":{"self":[{"href":"https:\/\/bdlire.fr\/index.php\/wp-json\/wp\/v2\/pages\/967"}],"collection":[{"href":"https:\/\/bdlire.fr\/index.php\/wp-json\/wp\/v2\/pages"}],"about":[{"href":"https:\/\/bdlire.fr\/index.php\/wp-json\/wp\/v2\/types\/page"}],"author":[{"embeddable":true,"href":"https:\/\/bdlire.fr\/index.php\/wp-json\/wp\/v2\/users\/1"}],"replies":[{"embeddable":true,"href":"https:\/\/bdlire.fr\/index.php\/wp-json\/wp\/v2\/comments?post=967"}],"version-history":[{"count":7,"href":"https:\/\/bdlire.fr\/index.php\/wp-json\/wp\/v2\/pages\/967\/revisions"}],"predecessor-version":[{"id":2898,"href":"https:\/\/bdlire.fr\/index.php\/wp-json\/wp\/v2\/pages\/967\/revisions\/2898"}],"wp:attachment":[{"href":"https:\/\/bdlire.fr\/index.php\/wp-json\/wp\/v2\/media?parent=967"}],"curies":[{"name":"wp","href":"https:\/\/api.w.org\/{rel}","templated":true}]}}